en 349 is divided by 88?
85
Calculate the remainder when 390 is divided by 89.
34
What is the remainder when 158 is divided by 44?
26
Calculate the remainder when 1508 is divided by 501.
5
Calculate the remainder when 45 is divided by 21.
3
What is the remainder when 246 is divided by 114?
18
What is the remainder when 494 is divided by 89?
49
Calculate the remainder when 258 is divided by 101.
56
Calculate the remainder when 415 is divided by 59.
2
What is the remainder when 152 is divided by 17?
16
What is the remainder when 332 is divided by 172?
160
What is the remainder when 929 is divided by 109?
57
Calculate the remainder when 5380 is divided by 15.
10
What is the remainder when 99 is divided by 8?
3
What is the remainder when 209 is divided by 102?
5
Calculate the remainder when 180 is divided by 163.
17
What is the remainder when 612 is divided by 103?
97
What is the remainder when 951 is divided by 305?
36
What is the remainder when 5799 is divided by 232?
231
Calculate the remainder when 125 is divided by 42.
41
Calculate the remainder when 564 is divided by 23.
12
Calculate the remainder when 742 is divided by 36.
22
What is the remainder when 1181 is divided by 132?
125
Calculate the remainder when 1735 is divided by 22.
19
Calculate the remainder when 193 is divided by 9.
4
What is the remainder when 20170 is divided by 41?
39
Calculate the remainder when 60 is divided by 29.
2
Calculate the remainder when 8154 is divided by 51.
45
What is the remainder when 431 is divided by 15?
11
Calculate the remainder when 1702 is divided by 154.
8
What is the remainder when 91 is divided by 53?
38
What is the remainder when 1321 is divided by 147?
145
What is the remainder when 112 is divided by 100?
12
Calculate the remainder when 1476 is divided by 8.
4
Calculate the remainder when 1250 is divided by 75.
50
Calculate the remainder when 365 is divided by 37.
32
What is the remainder when 2089 is divided by 110?
109
What is the remainder when 2114 is divided by 15?
14
Calculate the remainder when 324 is divided by 44.
16
Calculate the remainder when 1231 is divided by 408.
7
What is the remainder when 171 is divided by 20?
11
Calculate the remainder when 731 is divided by 12.
11
Calculate the remainder when 177 is divided by 95.
82
What is the remainder when 6 is divided by 4?
2
Calculate the remainder when 35 is divided by 5.
0
Calculate the remainder when 636 is divided by 80.
76
Calculate the remainder when 1853 is divided by 6.
5
Calculate the remainder when 391 is divided by 195.
1
What is the remainder when 1086 is divided by 360?
6
Calculate the remainder when 5097 is divided by 15.
12
What is the remainder when 1815 is divided by 153?
132
What is the remainder when 5478 is divided by 322?
4
What is the remainder when 51 is divided by 18?
15
What is the remainder when 359 is divided by 19?
17
Calculate the remainder when 2581 is divided by 162.
151
Calculate the remainder when 110 is divided by 16.
14
What is the remainder when 1552 is divided by 58?
44
What is the remainder when 4695 is divided by 84?
75
What is the remainder when 2773 is divided by 146?
145
What is the remainder when 42 is divided by 5?
2
What is the remainder when 3126 is divided by 520?
6
Calculate the remainder when 65 is divided by 18.
11
What is the remainder when 1287 is divided by 14?
13
Calculate the remainder when 69 is divided by 26.
17
What is the remainder when 370 is divided by 75?
70
What is the remainder when 589 is divided by 565?
24
What is the remainder when 1208 is divided by 23?
12
Calculate the remainder when 113 is divided by 14.
1
Calculate the remainder when 501 is divided by 139.
84
Calculate the remainder when 829 is divided by 52.
49
What is the remainder when 775 is divided by 111?
109
Calculate the remainder when 22 is divided by 6.
4
What is the remainder when 371 is divided by 245?
126
What is the remainder when 1228 is divided by 245?
3
Calculate the remainder when 219 is divided by 74.
71
Calculate the remainder when 117 is divided by 10.
7
Calculate the remainder when 165 is divided by 10.
5
What is the remainder when 25 is divided by 15?
10
Calculate the remainder when 534 is divided by 524.
10
What is the remainder when 9555 is divided by 118?
115
What is the remainder when 1078 is divided by 83?
82
What is the remainder when 10933 is divided by 27?
25
What is the remainder when 6803 is divided by 28?
27
Calculate the remainder when 871 is divided by 53.
23
Calculate the remainder when 4542 is divided by 8.
6
Calculate the remainder when 498 is divided by 173.
152
What is the remainder when 657 is divided by 651?
6
What is the remainder when 117 is divided by 59?
58
Calculate the remainder when 684 is divided by 49.
47
Calculate the remainder when 2014 is divided by 493.
42
Calculate the remainder when 1192 is divided by 68.
36
What is the remainder when 442 is divided by 56?
50
What is the remainder when 1291 is divided by 11?
4
What is the remainder when 18 is divided by 5?
3
What is the remainder when 100 is divided by 32?
4
What is the remainder when 128 is divided by 33?
29
Calculate the remainder when 333 is divided by 56.
53
What is the remainder when 268 is divided by 16?
12
Calculate the remainder when 937 is divided by 463.
11
What is the remainder when 195 is divided by 3?
0
What is the remainder when 4694 is divided by 34?
2
What is the remainder when 173 is divided by 2?
1
What is the remainder when 4120 is divided by 197?
180
Calculate the remainder when 2593 is divided by 14.
3
What is the remainder when 789 is divided by 284?
221
Calculate the remainder when 142 is divided by 30.
22
Calculate the remainder when 43 is divided by 18.
7
Calculate the remainder when 3684 is divided by 42.
30
Calculate the remainder when 118 is divided by 30.
28
What is the remainder when 568 is divided by 96?
88
Calculate the remainder when 17134 is divided by 306.
304
Calculate the remainder when 646 is divided by 90.
16
Calculate the remainder when 6644 is divided by 266.
260
Calculate the remainder when 8461 is divided by 46.
43
What is the remainder when 149 is divided by 51?
47
Calculate the remainder when 4314 is divided by 52.
50
Calculate the remainder when 31865 is divided by 141.
140
What is the remainder when 334 is divided by 21?
19
Calculate the remainder when 608 is divided by 165.
113
Calculate the remainder when 293 is divided by 6.
5
Calculate the remainder when 812 is divided by 372.
68
Calculate the remainder when 2634 is divided by 139.
132
What is the remainder when 559 is divided by 51?
49
Calculate the remainder when 89 is divided by 31.
27
What is the remainder when 8035 is divided by 24?
19
What is the remainder when 723 is divided by 5?
3
Calculate the remainder when 92 is divided by 12.
8
What is the remainder when 277 is divided by 19?
11
What is the remainder when 195 is divided by 44?
19
Calculate the remainder when 93 is divided by 9.
3
Calculate the remainder when 381 is divided by 133.
115
Calculate the remainder when 702 is divided by 141.
138
Calculate the remainder when 829 is divided by 172.
141
Calculate the remainder when 1769 is divided by 59.
58
What is the remainder when 37 is divided by 10?
7
What is the remainder when 253 is divided by 47?
18
Calculate the remainder when 114 is divided by 29.
27
What is the remainder when 179 is divided by 77?
25
What is the remainder when 18 is divided by 3?
0
Calculate the remainder when 3359 is divided by 153.
146
Calculate the remainder when 534 is divided by 134.
132
Calculate the remainder when 89 is divided by 16.
9
Calculate the remainder when 801 is divided by 11.
9
What is the remainder when 385 is divided by 102?
79
What is the remainder when 449 is divided by 116?
101
What is the remainder when 256 is divided by 86?
84
What is the remainder when 341 is divided by 37?
8
Calculate the remainder when 3886 is divided by 16.
14
What is the remainder when 335 is divided by 315?
20
Calculate the remainder when 609 is divided by 12.
9
What is the remainder when 39 is divided by 21?
18
What is the remainder when 1072 is divided by 37?
36
Calculate the remainder when 246 is divided by 13.
12
Calculate the remainder when 337 is divided by 17.
14
What i